 is -1 (base 13) in base 8?
-1
Convert 225 (base 9) to base 7.
353
What is 4 (base 14) in base 7?
4
0 (base 14) to base 2
0
What is 23 (base 6) in base 15?
10
-120 (base 4) to base 6
-40
Convert 11 (base 6) to base 2.
111
4 (base 14) to base 8
4
-21 (base 10) to base 7
-30
-9 (base 12) to base 4
-21
What is -3 (base 4) in base 15?
-3
What is -27 (base 13) in base 8?
-41
What is 1 (base 11) in base 12?
1
What is -1a (base 16) in base 4?
-122
What is -130 (base 7) in base 13?
-55
What is 27 (base 8) in base 15?
18
What is 11 (base 6) in base 4?
13
Convert 5 (base 9) to base 10.
5
-1 (base 3) to base 9
-1
What is -10 (base 11) in base 6?
-15
Convert 1000 (base 2) to base 12.
8
-16 (base 7) to base 8
-15
Convert -6 (base 8) to base 11.
-6
What is 7 (base 9) in base 3?
21
Convert -31 (base 6) to base 7.
-25
Convert 100 (base 5) to base 6.
41
What is 0 (base 15) in base 3?
0
0 (base 11) to base 12
0
Convert -1 (base 7) to base 15.
-1
Convert 3 (base 14) to base 5.
3
What is 1 (base 12) in base 3?
1
-11 (base 7) to base 13
-8
47 (base 14) to base 10
63
Convert -70 (base 9) to base 15.
-43
What is 10111 (base 2) in base 10?
23
Convert -45 (base 9) to base 3.
-1112
-112 (base 10) to base 4
-1300
Convert -1 (base 6) to base 14.
-1
What is -211 (base 4) in base 13?
-2b
Convert 316 (base 11) to base 15.
1a5
79 (base 13) to base 12
84
-1002 (base 4) to base 10
-66
Convert 0 (base 9) to base 13.
0
What is -1 (base 2) in base 3?
-1
-9 (base 15) to base 3
-100
1121 (base 3) to base 16
2b
What is 4 (base 7) in base 6?
4
What is 1004 (base 7) in base 10?
347
1010 (base 3) to base 5
110
Convert 1b (base 12) to base 13.
1a
Convert -63 (base 7) to base 13.
-36
What is -55 (base 8) in base 7?
-63
5 (base 10) to base 2
101
What is 33 (base 9) in base 4?
132
Convert 14 (base 5) to base 12.
9
-11 (base 6) to base 3
-21
-1144 (base 5) to base 13
-105
-4 (base 5) to base 13
-4
What is -4 (base 14) in base 4?
-10
What is 121 (base 6) in base 3?
1211
-13 (base 15) to base 7
-24
Convert 101 (base 2) to base 3.
12
Convert 53 (base 8) to base 3.
1121
Convert 5 (base 6) to base 15.
5
What is -10 (base 4) in base 2?
-100
What is -11 (base 3) in base 16?
-4
35 (base 9) to base 4
200
Convert 1 (base 16) to base 9.
1
2 (base 8) to base 2
10
Convert -2 (base 15) to base 8.
-2
Convert 0 (base 10) to base 11.
0
Convert 110 (base 2) to base 13.
6
What is 1 (base 16) in base 6?
1
Convert 3 (base 5) to base 12.
3
-5 (base 12) to base 13
-5
4 (base 13) to base 2
100
Convert -31 (base 7) to base 4.
-112
Convert -7 (base 13) to base 2.
-111
Convert 1 (base 7) to base 6.
1
Convert 7 (base 14) to base 9.
7
-2 (base 3) to base 5
-2
Convert -6c (base 13) to base 3.
-10100
148 (base 9) to base 16
7d
-5 (base 15) to base 8
-5
-434 (base 8) to base 10
-284
Convert 33 (base 11) to base 3.
1100
What is c0 (base 14) in base 6?
440
Convert -22 (base 4) to base 14.
-a
-19 (base 10) to base 8
-23
Convert 3 (base 6) to base 14.
3
0 (base 16) to base 14
0
Convert -7 (base 9) to base 4.
-13
Convert -a (base 13) to base 14.
-a
Convert -89 (base 14) to base 11.
-100
-205 (base 6) to base 12
-65
Convert -103 (base 10) to base 7.
-205
What is 2 (base 7) in base 13?
2
Convert 2 (base 13) to base 9.
2
-331 (base 6) to base 16
-7f
Convert -94 (base 13) to base 8.
-171
What is 11 (base 4) in base 2?
101
Convert -6 (base 16) to base 8.
-6
Convert -212 (base 3) to base 16.
-17
What is -3 (base 6) in base 3?
-10
Convert -a3 (base 12) to base 16.
-7b
Convert 1c (base 16) to base 12.
24
Convert 105 (base 7) to base 14.
3c
Convert 9a (base 16) to base 4.
2122
Convert -2201 (base 4) to base 6.
-425
15 (base 15) to base 5
40
10 (base 3) to base 16
3
-2 (base 15) to base 13
-2
24 (base 15) to base 7
46
0 (base 4) to base 14
0
Convert 2011 (base 3) to base 13.
46
-222 (base 5) to base 3
-2022
-11 (base 15) to base 10
-16
Convert -12 (base 3) to base 2.
-101
Convert 131 (base 5) to base 9.
45
-117 (base 11) to base 7
-256
1 (base 7) to base 11
1
What is 37 (base 10) in base 8?
45
Convert 156 (base 14) to base 9.
332
Convert 102 (base 5) to base 11.
25
Convert 10 (base 14) to base 12.
12
What is -40 (base 12) in base 15?
-33
-13 (base 9) to base 12
-10
Convert 112 (base 4) to base 3.
211
4 (base 12) to base 16
4
5 (base 9) to base 8
5
What is 4a (base 16) in base 11?
68
What is -23 (base 5) in base 3?
-111
Convert 196 (base 11) to base 13.
145
Convert -2 (base 3) to base 9.
-2
Convert -4 (base 15) to base 8.
-4
14 (base 11) to base 3
120
11100 (base 2) to base 13
22
Convert 2 (base 15) to base 9.
2
2 (base 6) to base 2
10
-8 (base 9) to base 10
-8
What is 13 (base 16) in base 6?
31
What is 0 (base 2) in base 8?
0
What is -36 (base 11) in base 12?
-33
Convert -1 (base 4) to base 15.
-1
Convert -98 (base 11) to base 14.
-79
What is 112 (base 4) in base 15?
17
-24 (base 16) to base 15
-26
What is -453 (base 7) in base 6?
-1030
-18 (base 14) to base 3
-211
Convert 16 (base 9) to base 8.
17
10 (base 6) to base 2
110
What is -22 (base 3) in base 2?
-1000
Convert b (base 16) to base 2.
1011
What is 11 (base 3) in base 8?
4
What is -25 (base 7) in base 8?
-23
What is 78 (base 10) in base 4?
1032
Convert 3 (base 4) to base 7.
3
What is -5b (base 16) in base 7?
-160
What is -10 (base 4) in base 11?
-4
Convert a6 (base 14) to base 15.
9b
Convert 13 (base 11) to base 2.
1110
Convert a7 (base 14) to base 15.
9c
Convert 0 (base 12) to base 7.
0
Convert 10020 (base 3) to base 16.
57
2011 (base 3) to base 13
46
What is -8b (base 14) in base 16?
-7b
What is 1110010 (base 2) in base 11?
a4
Convert 4b (base 12) to base 13.
47
What is -2 (base 14) in base 13?
-2
Convert -1 (base 16) to base 4.
-1
What is -1023 (base 4) in base 10?
-75
What is -10 (base 2) in base 6?
-2
Convert -21 (base 3) to base 2.
-111
Convert -534 (base 8) to base 10.
-348
-b (base 13) to base 12
-b
Convert 8 (base 9) to base 3.
22
-46 (base 10) to base 13
-37
What is -59 (base 11) in base 2?
-1000000
-24 (base 9) to base 11
-20
Convert -11000 (base 2) to base 9.
-26
What is -4 (base 16) in base 7?
-4
Convert -1 (base 10) to base 11.
-1
What is 20120 (base 3) in base 8?
261
-236 (base 7) to base 5
-1000
Convert -1 (base 6) to base 15.
-1
What is 22 (base 3) in base 5?
13
9 (base 16) to base 3
100
-152 (base 6) to base 10
-68
Convert 1 (base 6) to base 7.
1
Convert 2010 (base 3) to base 16.
39
What is -5 (base 8) in base 3?
-12
Convert 211 (base 3) to base 12.
1a
Convert -2 (base 13) to base 8.
-2
4 (base 8) to base 2
100
-1020 (base 4) to base 14
-52
2 (base 3) to base 14
2
What is 1022 (base 4) in base 13?
59
Convert 10000101 (base 2) to base 4.
2011
4c (base 15) to base 9
80
What is -34 (base 6) in base 11?
-20
-2 (base 16) to base 15
-2
3 (base 7) to base 9
3
24 (base 15) to base 13
28
-11 (base 4) to base 3
-12
What is 130 (base 4) in base 9?
31
What is 20 (base 5) in base 14?
a
Convert 2 (base 6) to base 12.
2
5d (base 14) to base 4
1103
Convert 1 (base 5) to base 14.
1
What is -e4 (base 15) in base 5?
-1324
Convert -11 (base 3) to base 4.
-10
-4 (base 8) to base 2
-100
Convert -441 (base 6) to base 4.
-2221
Convert 2b (base 16) to base 9.
47
Convert -8 (base 11) to base 2.
-1000
-5 (base 16) to base 15
-5
What is 3 (base 4) in base 2?
11
What is -1 (base 14) in base 6?
-1
Convert 61 (base 15) to base 9.
111
-6 (base 15) to base 4
-12
2 (base 11) to base 5
2
Convert 2d (base 15) to base 7.
61
Convert -10 (base 9) to base 14.
-9
What is 13 (base 15) in base 7?
24
Convert 1000 (base 5) to base 12.
a5
What is 4 (base 7) in base 16?
4
What is -22 (base 6) in base 15?
-e
Convert -53 (base 8) to base 7.
-61
Convert -22 (base 5) to base 10.
-12
Convert 50 (base 16) to base 11.
73
What is -19 (base 10) in base 9?
-21
Convert 424 (base 7) to base 15.
e4
Convert 12 (base 9) to base 8.
13
Convert -14 (base 11) to base 15.
-10
Convert 21 (base 10) to base 7.
30
1000 (base 2) to base 13
8
What is 114 (base 5) in base 12?
2a
152 (base 6) to base 4
1010
-1ac (base 15) to base 8
-603
Convert 16 (base 15) to base 9.
23
a (base 12) to base 11
a
Convert -3 (base 4) to base 11.
-3
3 (base 7) to base 6
3
-101 (base 2) to base 13
-5
What is 10 (base 4) in base 16?
4
Convert 4 (base 15) to base 2.
100
30 (base 6) to base 10
18
What is -300 (base 5) in base 11?
-69
What is 11 (base 6) i